{"id":139,"date":"2024-10-07T18:03:03","date_gmt":"2024-10-07T18:03:03","guid":{"rendered":"https:\/\/posgrado.fcjyp.umss.edu.bo\/?page_id=139"},"modified":"2024-10-07T18:11:05","modified_gmt":"2024-10-07T18:11:05","slug":"diplomados","status":"publish","type":"page","link":"https:\/\/posgrado.fcjyp.umss.edu.bo\/index.php\/diplomados\/","title":{"rendered":"Diplomados"},"content":{"rendered":"\t\t<div data-elementor-type=\"wp-page\" data-elementor-id=\"139\" class=\"elementor elementor-139\">\n\t\t\t\t<div class=\"elementor-element elementor-element-f386e3b e-flex e-con-boxed e-con e-parent\" data-id=\"f386e3b\" data-element_type=\"container\">\n\t\t\t\t\t<div class=\"e-con-inner\">\n\t\t\t\t<div class=\"elementor-element elementor-element-5fba6c7 elementor-widget elementor-widget-learnpress_list_courses\" data-id=\"5fba6c7\" data-element_type=\"widget\" data-widget_type=\"learnpress_list_courses.default\">\n\t\t\t\t<div class=\"elementor-widget-container\">\n\t\t\t\t\t\t\t\t<div class=\"lp-archive-courses\">\n\t\t\t\t<ul class=\"learn-press-courses lp-list-courses-no-css\" data-layout=\"grid\"\n\t\t\t\t\tdata-size=\"10\">\n\t\t\t\t\t<li class=\"course\"><div class=\"course-item\" data-id=\"709\"><div class=\"course-thumbnail\"><a href=\"https:\/\/posgrado.fcjyp.umss.edu.bo\/index.php\/\/courses-2\/diplomadocat\/diplomado-derecho-procesal-civil-y-oralidad-9na-version\/\"><div class=\"course-img\"><img decoding=\"async\" src=\"http:\/\/posgrado.fcjyp.umss.edu.bo\/wp-content\/uploads\/2024\/10\/4-1-500x300.png\" alt=\"Miniatura del curso\"><\/div><\/a><\/div><div class=\"course-content\"><h3 class=\"wap-course-title\"><a class=\"course-permalink\" href=\"https:\/\/posgrado.fcjyp.umss.edu.bo\/index.php\/\/courses-2\/diplomadocat\/diplomado-derecho-procesal-civil-y-oralidad-9na-version\/\"><span class='course-title'>Diplomado Derecho Procesal Civil y Oralidad 9na. Versi\u00f3n<\/span><\/a><\/h3><div class=\"course-instructor-category\"><div><label>por<\/label> <div class=\"course-instructor\"><a href=\"https:\/\/posgrado.fcjyp.umss.edu.bo\/index.php\/instructor\/mtaborga\/\"  > <span class=\"instructor-display-name\">Posgrado FCJyP<\/span><\/a><\/div><\/div><div><label>en<\/label> <div class=\"course-categories\"><a href=\"https:\/\/posgrado.fcjyp.umss.edu.bo\/index.php\/course-category\/diplomadocat\/\" >Diplomados<\/a><\/div><\/div><\/div><div class=\"course-wrap-meta\"><div class=\"meta-item meta-item-duration\"><span class=\"course-duration\">24 semana<\/span><\/div><div class=\"meta-item meta-item-level\"><span class=\"course-level\">Todos los niveles<\/span><\/div><div class=\"meta-item meta-item-lesson\"><div class=\"course-count-item lp_lesson\">0 Lecci\u00f3n<\/div><\/div><div class=\"meta-item meta-item-quiz\"><div class=\"course-count-item lp_quiz\">0 Cuestionario<\/div><\/div><div class=\"meta-item meta-item-student\"><div class=\"course-count-student\">0 Estudiante<\/div><\/div><\/div><div class=\"course-info\"><span class=\"course-price\"><span class=\"course-item-price\"> <span class=\"price\">Bs.3,990.00<\/span> <\/span><\/span><div class=\"course-readmore\"><a href=\"https:\/\/posgrado.fcjyp.umss.edu.bo\/index.php\/\/courses-2\/diplomadocat\/diplomado-derecho-procesal-civil-y-oralidad-9na-version\/\">Leer m\u00e1s<\/a><\/div><\/div><\/div><\/div><\/li><li class=\"course\"><div class=\"course-item\" data-id=\"739\"><div class=\"course-thumbnail\"><a href=\"https:\/\/posgrado.fcjyp.umss.edu.bo\/index.php\/\/courses-2\/diplomadocat\/739\/\"><div class=\"course-img\"><img decoding=\"async\" src=\"http:\/\/posgrado.fcjyp.umss.edu.bo\/wp-content\/uploads\/2026\/04\/5-1-500x300.png\" alt=\"Miniatura del curso\"><\/div><\/a><\/div><div class=\"course-content\"><h3 class=\"wap-course-title\"><a class=\"course-permalink\" href=\"https:\/\/posgrado.fcjyp.umss.edu.bo\/index.php\/\/courses-2\/diplomadocat\/739\/\"><span class='course-title'>Diplomado en Derecho Penal y Procesal Penal en Delitos de Narcotr\u00e1fico, Patrimoniales y Econ\u00f3micos 3\u00aa Versi\u00f3n<\/span><\/a><\/h3><div class=\"course-instructor-category\"><div><label>por<\/label> <div class=\"course-instructor\"><a href=\"https:\/\/posgrado.fcjyp.umss.edu.bo\/index.php\/instructor\/mtaborga\/\"  > <span class=\"instructor-display-name\">Posgrado FCJyP<\/span><\/a><\/div><\/div><div><label>en<\/label> <div class=\"course-categories\"><a href=\"https:\/\/posgrado.fcjyp.umss.edu.bo\/index.php\/course-category\/diplomadocat\/\" >Diplomados<\/a><\/div><\/div><\/div><div class=\"course-wrap-meta\"><div class=\"meta-item meta-item-duration\"><span class=\"course-duration\">De por vida<\/span><\/div><div class=\"meta-item meta-item-level\"><span class=\"course-level\">Todos los niveles<\/span><\/div><div class=\"meta-item meta-item-lesson\"><div class=\"course-count-item lp_lesson\">0 Lecci\u00f3n<\/div><\/div><div class=\"meta-item meta-item-quiz\"><div class=\"course-count-item lp_quiz\">0 Cuestionario<\/div><\/div><div class=\"meta-item meta-item-student\"><div class=\"course-count-student\">0 Estudiante<\/div><\/div><\/div><p class=\"course-short-description\">\/\u2696\ufe0f Diplomado en Derecho Penal y Procesal Penal en Delitos de Narcotr\u00e1fico, Patrimoniales y Econ\u00f3micos...<\/p><div class=\"course-info\"><span class=\"course-price\"><span class=\"course-item-price\"> <span class=\"price\">Bs.3,840.00<\/span> <\/span><\/span><div class=\"course-readmore\"><a href=\"https:\/\/posgrado.fcjyp.umss.edu.bo\/index.php\/\/courses-2\/diplomadocat\/739\/\">Leer m\u00e1s<\/a><\/div><\/div><\/div><\/div><\/li><li class=\"course\"><div class=\"course-item\" data-id=\"317\"><div class=\"course-thumbnail\"><a href=\"https:\/\/posgrado.fcjyp.umss.edu.bo\/index.php\/\/courses-2\/diplomadocat\/docencia-universitaria-basado-en-la-neuroeducacion-y-competencias-12va-version\/\"><div class=\"course-img\"><img decoding=\"async\" src=\"http:\/\/posgrado.fcjyp.umss.edu.bo\/wp-content\/uploads\/2024\/10\/banners-moodle-febrero-1160-x-516-px-500-x-300-px-500x300.jpg\" alt=\"Miniatura del curso\"><\/div><\/a><\/div><div class=\"course-content\"><h3 class=\"wap-course-title\"><a class=\"course-permalink\" href=\"https:\/\/posgrado.fcjyp.umss.edu.bo\/index.php\/\/courses-2\/diplomadocat\/docencia-universitaria-basado-en-la-neuroeducacion-y-competencias-12va-version\/\"><span class='course-title'>Docencia Universitaria Basado en la Neuroeducaci\u00f3n y Competencias 15v<\/span><\/a><\/h3><div class=\"course-instructor-category\"><div><label>por<\/label> <div class=\"course-instructor\"><a href=\"https:\/\/posgrado.fcjyp.umss.edu.bo\/index.php\/instructor\/mtaborga\/\"  > <span class=\"instructor-display-name\">Posgrado FCJyP<\/span><\/a><\/div><\/div><div><label>en<\/label> <div class=\"course-categories\"><a href=\"https:\/\/posgrado.fcjyp.umss.edu.bo\/index.php\/course-category\/diplomadocat\/\" >Diplomados<\/a><\/div><\/div><\/div><div class=\"course-wrap-meta\"><div class=\"meta-item meta-item-duration\"><span class=\"course-duration\">26 semana<\/span><\/div><div class=\"meta-item meta-item-level\"><span class=\"course-level\">Todos los niveles<\/span><\/div><div class=\"meta-item meta-item-lesson\"><div class=\"course-count-item lp_lesson\">0 Lecci\u00f3n<\/div><\/div><div class=\"meta-item meta-item-quiz\"><div class=\"course-count-item lp_quiz\">0 Cuestionario<\/div><\/div><div class=\"meta-item meta-item-student\"><div class=\"course-count-student\">0 Estudiante<\/div><\/div><\/div><p class=\"course-short-description\">\u00a1Revoluciona tu pr\u00e1ctica docente con la Neuroeducaci\u00f3n! \u00bfQuieres transformar tu aula en un espacio de...<\/p><div class=\"course-info\"><span class=\"course-price\"><span class=\"course-item-price\"> <span class=\"price\">Bs.4,410.00<\/span> <\/span><\/span><div class=\"course-readmore\"><a href=\"https:\/\/posgrado.fcjyp.umss.edu.bo\/index.php\/\/courses-2\/diplomadocat\/docencia-universitaria-basado-en-la-neuroeducacion-y-competencias-12va-version\/\">Leer m\u00e1s<\/a><\/div><\/div><\/div><\/div><\/li><li class=\"course\"><div class=\"course-item\" data-id=\"409\"><div class=\"course-thumbnail\"><a href=\"https:\/\/posgrado.fcjyp.umss.edu.bo\/index.php\/\/courses-2\/diplomadocat\/diplomado-en-gestion-juridica-en-contrataciones-y-compras-estatales-1v\/\"><div class=\"course-img\"><img decoding=\"async\" src=\"http:\/\/posgrado.fcjyp.umss.edu.bo\/wp-content\/uploads\/2024\/11\/Blue-and-White-Vibrant-UI-Digital-Marketing-Facebook-Post-500-x-300-px.png\" alt=\"Miniatura del curso\"><\/div><\/a><\/div><div class=\"course-content\"><h3 class=\"wap-course-title\"><a class=\"course-permalink\" href=\"https:\/\/posgrado.fcjyp.umss.edu.bo\/index.php\/\/courses-2\/diplomadocat\/diplomado-en-gestion-juridica-en-contrataciones-y-compras-estatales-1v\/\"><span class='course-title'>GESTI\u00d3N JUR\u00cdDICA EN CONTRATACIONES Y COMPRAS ESTATALES 1V<\/span><\/a><\/h3><div class=\"course-instructor-category\"><div><label>por<\/label> <div class=\"course-instructor\"><a href=\"https:\/\/posgrado.fcjyp.umss.edu.bo\/index.php\/instructor\/mtaborga\/\"  > <span class=\"instructor-display-name\">Posgrado FCJyP<\/span><\/a><\/div><\/div><div><label>en<\/label> <div class=\"course-categories\"><a href=\"https:\/\/posgrado.fcjyp.umss.edu.bo\/index.php\/course-category\/diplomadocat\/\" >Diplomados<\/a><\/div><\/div><\/div><div class=\"course-wrap-meta\"><div class=\"meta-item meta-item-duration\"><span class=\"course-duration\">24 semana<\/span><\/div><div class=\"meta-item meta-item-level\"><span class=\"course-level\">Todos los niveles<\/span><\/div><div class=\"meta-item meta-item-lesson\"><div class=\"course-count-item lp_lesson\">0 Lecci\u00f3n<\/div><\/div><div class=\"meta-item meta-item-quiz\"><div class=\"course-count-item lp_quiz\">0 Cuestionario<\/div><\/div><div class=\"meta-item meta-item-student\"><div class=\"course-count-student\">0 Estudiante<\/div><\/div><\/div><p class=\"course-short-description\">\u00bfEres servidor p\u00fablico y te desempe\u00f1as en el arte de las compras estatales? O \u00bfTienes...<\/p><div class=\"course-info\"><span class=\"course-price\"><span class=\"course-item-price\"> <span class=\"price\">Bs.3,850.00<\/span> <\/span><\/span><div class=\"course-readmore\"><a href=\"https:\/\/posgrado.fcjyp.umss.edu.bo\/index.php\/\/courses-2\/diplomadocat\/diplomado-en-gestion-juridica-en-contrataciones-y-compras-estatales-1v\/\">Leer m\u00e1s<\/a><\/div><\/div><\/div><\/div><\/li>\t\t\t\t<\/ul>\n\t\t\t<\/div>\n\t\t\t\t\t\t\t<\/div>\n\t\t\t\t<\/div>\n\t\t\t\t\t<\/div>\n\t\t\t\t<\/div>\n\t\t\t\t<\/div>\n\t\t","protected":false},"excerpt":{"rendered":"<p>Diplomados itelDiplomado en Administraci\u00f3n y gesti\u00f3n judicial efectiva e innovaci\u00f3n tecnol\u00f3gica80 WeeksIntermedio0 Lecci\u00f3n0 Cuestionario10 EstudianteGratuitoRead more<\/p>\n","protected":false},"author":1,"featured_media":0,"parent":0,"menu_order":0,"comment_status":"closed","ping_status":"closed","template":"elementor_theme","meta":{"footnotes":""},"class_list":["post-139","page","type-page","status-publish","hentry"],"_links":{"self":[{"href":"https:\/\/posgrado.fcjyp.umss.edu.bo\/index.php\/wp-json\/wp\/v2\/pages\/139","targetHints":{"allow":["GET"]}}],"collection":[{"href":"https:\/\/posgrado.fcjyp.umss.edu.bo\/index.php\/wp-json\/wp\/v2\/pages"}],"about":[{"href":"https:\/\/posgrado.fcjyp.umss.edu.bo\/index.php\/wp-json\/wp\/v2\/types\/page"}],"author":[{"embeddable":true,"href":"https:\/\/posgrado.fcjyp.umss.edu.bo\/index.php\/wp-json\/wp\/v2\/users\/1"}],"replies":[{"embeddable":true,"href":"https:\/\/posgrado.fcjyp.umss.edu.bo\/index.php\/wp-json\/wp\/v2\/comments?post=139"}],"version-history":[{"count":5,"href":"https:\/\/posgrado.fcjyp.umss.edu.bo\/index.php\/wp-json\/wp\/v2\/pages\/139\/revisions"}],"predecessor-version":[{"id":414,"href":"https:\/\/posgrado.fcjyp.umss.edu.bo\/index.php\/wp-json\/wp\/v2\/pages\/139\/revisions\/414"}],"wp:attachment":[{"href":"https:\/\/posgrado.fcjyp.umss.edu.bo\/index.php\/wp-json\/wp\/v2\/media?parent=139"}],"curies":[{"name":"wp","href":"https:\/\/api.w.org\/{rel}","templated":true}]}}